
Evaluate (3 - -1) + -17 + 36.
23
(514 - 494) + (-1 - 4)
15
(-173 - -173) + (-21 - -3)
-18
Calculate (86 - 65) + -1 + -5.
15
Evaluate -11 - -7 - (0 - 1) - -5.
2
Evaluate -12 - (-1 - -2 - 7).
-6
Calculate -18 - -35 - (21 - 9).
5
What is the value of (15 + 15 - 22) + 0 + -8?
0
What is the value of 11 - (11 + -10 - (-4 + 13))?
19
14 + -20 + -1 - (4 + -6 - 3)
-2
Calculate 3 + (6 + -9 - 14) + -14.
-28
What is the value of (-20 - (2 - 13) - -22) + -5?
8
What is (6 + -4 - 0 - -7) + -3?
6
Evaluate 0 + (-9 - -13) + (-3 - -2) + 1.
4
What is the value of -7 + (50 - -1) + -30?
14
What is 3 + 0 - (5 + 1 + -15 + 2)?
10
What is -8 + 14 - (-1 + 4) - (13 + -5)?
-5
Calculate 13 - (-6 + 8) - (4 - (5 + -9)).
3
Evaluate 16 + (-8 - -18) + -26.
0
39 - (32 - 11) - (1 - -6)
11
What is (-5 - (-19 - -9)) + (6 - -1)?
12
What is -8 + ((5 - -5) + -7 - 14)?
-19
Calculate 27 + -12 + (-26 - -6).
-5
-17 + (-11 - -14 - -11)
-3
What is -1 - (-9 - (-26 - -11))?
-7
Calculate 7 + 18 + -19 + 1.
7
Evaluate -7 - (-10 + -9 + 1 + 10).
1
Calculate -4 - (0 + 5 + (6 - 6) + -10).
1
Evaluate (-14 - -10) + (1 - 12) + -6.
-21
What is 11 - -8 - (16 + -5)?
8
What is 46 + -36 + 2 + 3 - (-5 - -8)?
12
What is the value of -11 - (-5 + -7 + 8 + -3) - -5?
1
Evaluate (-1 - 1) + 2 + (-3 + 9 - 1).
5
Calculate (-3 - -5) + (-8 - (-3 + 5)).
-8
6 + -23 - -12 - 4
-9
What is 60 + -59 - (-1 + 12)?
-10
What is the value of 5 + (5 - -12 - 24)?
-2
Calculate (71 - 84) + (2 - -2) + 1 - -21.
13
What is the value of -10 + 1 + -1 + 52 + -46 - -4?
0
Calculate (-2 - (-10 + 2)) + (19 - (21 + 5)).
-1
Evaluate 45 - (14 + (-4 + -15 - -17)).
33
Calculate (16 - -5) + (-5 - -2) - 6.
12
-7 - (1 - 36 - (48 + -57))
19
What is -6 + (6 - -2) - (2 - -2)?
-2
What is the value of -5 - (-16 + (-3 - (-2 + 0 + -7)))?
5
Calculate -11 - (-8 + (-19 - (-1 + -5))).
10
What is the value of (-11 - -56 - 44) + 4 + -1?
4
Calculate -22 - (6 + (-9 - -11)).
-30
0 + 51 + -42 - (-2 - -1 - 4)
14
What is 91 - 89 - (-8 - -20)?
-10
Evaluate 7 + (-7 - (10 + -9) - -6) + 1.
6
What is -1 + -2 + 3 + -6 - (-1 + 3)?
-8
Calculate 15 + 6 + (-5 - 13) + -10.
-7
Evaluate (34 + -33 + (-29 - 1) - -7) + 6.
-16
Evaluate 12 + (10 - 11) - 5.
6
(7 + (2 - 7) - 23) + 1 + 3
-17
What is the value of -7 - (24 - -8 - 20)?
-19
What is -644 + 634 - (2 - 3)?
-9
What is the value of 7 - ((9 - 8) + (2 - -5) + -12)?
11
Calculate -7 - (4 + (8 - -1 - (-65 + 69))).
-16
Evaluate 41 + -10 + 2 - 28.
5
Calculate 19 + -15 + 2 - (1 + -1).
6
What is the value of 26 + (-5 - 4) - 3?
14
What is 0 + 3 + 4 + (-13 + 54 - 39)?
9
Calculate -3 + 5 - (-255 + 254).
3
43 + -17 + (23 - 43)
6
Calculate 30 + -18 - ((3 - (1 - 3)) + -3).
10
-30 + 24 + (40 - (2 + -3 + 3))
32
1 - -14 - (7 + (-2 + 0 - 3))
13
-18 + 15 - (7 - (7 - 14))
-17
What is the value of (28 - 16 - 28) + 5 + 12?
1
Evaluate -30 + 35 + (-7 - 0).
-2
Evaluate (11 - -21) + 2 + -8 - (1 + 1).
24
What is 61 - 27 - (6 + 16)?
12
What is the value of -1 - ((5 - -3 - 8) + 7)?
-8
Evaluate (-2 - -13) + 9 + (-6 - 1) + -3.
10
Calculate -616 + 600 + 2 + -14.
-28
What is (1 - -4) + 2 - (19 + (13 - 2))?
-23
Evaluate -10 - (11 + -18) - -8.
5
What is the value of -30 - ((-11 - 8) + 4)?
-15
Evaluate -3 - 5 - ((-13 - 11) + 1).
15
What is 5 + (4 + -3 + -2 - -3)?
7
Calculate (31 - 67 - -37) + (0 - 19).
-18
What is the value of -11 - (-43 + 6 + -3) - 1?
28
What is the value of (33 - 26) + (1 - -2 - -1)?
11
What is -2 - 2 - (-238 - -234)?
0
Calculate (-13 - -1) + -1775 + 1776.
-11
What is the value of (-45 + 63 - 4) + (-21 - 0)?
-7
Evaluate 4 - (-10 - (4 - (13 - -9))) - 16.
-20
What is the value of -8 + -26 + 24 - (0 + -11)?
1
What is the value of -9 + (8 - 4) - (-6 + -6 + 1)?
6
What is -3 - (15 + (-35 - -12))?
5
Calculate 18 + (35 - 53) + 4 + 0.
4
Calculate 10 + -1 - (12 - 19).
16
Evaluate 2 - 3 - (-7 - (0 + -1) - 10).
15
25 + -6 + -3 + -4 - 3
9
What is the value of 1 - 0 - (-10 - (3 + -10)) - 7?
-3
Calculate -42 - (-30 + 23 + -18).
-17
Calculate 16 - (21 + -13 + -2).
10
Evaluate 292 - 282 - (1 + 1 - 1).
9
What is the value of -8 + (29 - (-17 - -18))?
20
Evaluate -24 - ((12 - 2) + -29).
-5
(3 - -8) + 9 + -13 - 0
7
What is (0 - (-9 + 3 + 8) - -8) + 9?
15
Evaluate (-40 + 12 + -2 - -13) + 31.
14
What is (-20 - -3) + 2 + (4 - 2)?
-13
Calculate 0 + -2 + -2 + (91 - 60).
27
What is the value of (-1 + 0 - -1) + -5 + (2 - -5)?
2
Calculate (-19 - -17) + -3 + 1 + 11 + 1.
8
Calculate -8 - -3 - (11 - 5).
-11
Evaluate (-5 - -9) + -21 + 24.
7
What is 5 + 3 + 3 + -11?
0
Calculate -19 + 29 + 5 + -26.
-11
Evaluate (-4 - -7) + (0 - (12 - (1 + 6))).
-2
Evaluate (-11 - (6 + -9)) + 3.
-5
What is 6 - (8 + (12 - (32 - 17)))?
1
Evaluate -20 - 0 - (15 + 3 - (75 - 53)).
-16
What is -3 + (5 - 4) + 3 + -9?
-8
Calculate -2 + 1 + (11 - -27) + -39.
-2
Evaluate 5 + -6 + -13 - -25.
11
What is 0 + (14 - 2) + (-3373 - -3385)?
24
Evaluate (29 + -24 - -22) + -28.
-1
What is the value of -9 + (13 - 33) + 19?
-10
Calculate 20 + (4 - (19 + (4 - 5))).
6
Calculate 22 - (20 + 10 + -6).
-2
Calculate 6 - (2 + (2 - 2)) - (-23 + 16).
11
(11 + (5 - 6) - (1 + -3)) + 7
19
What is the value of (1 - (0 + 14)) + (1052 - 1061)?
-22
What is the value of 10 - (42 - 1) - (8 + -3)?
-36
0 - 1 - -6 - (-36 - -32)
9
What is 8 + -36 + 44 + 4 + 5?
25
What is the value of 25 + (1 + -3 - (-2 + -2)) + -9?
18
Evaluate 5 + (-26 - -35) + -42.
-28
Evaluate 3 + -42 + 44 + 3 + 5.
13
Evaluate (16 - (18 - 17)) + 3 + 11.
29
What is 0 + -25 - (0 + 17 + (-52 - -34))?
-24
Calculate 2 + -8 + -1 - (2 + -14).
5
14 - (9 - (-15 + 9))
-1
Evaluate 30 + (-2 - -3 - -3 - 19).
15
-4 + -3 + 20 + 5
18
What is the value of (1 - (-1 + 3)) + (-6 - (1 + -5))?
-3
What is 15 - 2 - (20 - -2)?
-9
What is the value of (31 - 24) + (0 - 1)?
6
211 + -195 + (0 - 10)
6
Calculate -16 + (-5 - -1 - (97 + -106)).
-11
What is the value of 3 + 1 - (14 + -13 + 0 + 8)?
-5
1 - (5 + -1) - (173 - 102 - 67)
-7
Evaluate 1 + (-10 - -2 - -11 - -9).
13
What is the value of -5 - (-23 + -3 - -5) - (56 + -64)?
24
Calculate -71 + 45 + (5 - 1 - 1) + 3.
-20
What is the value of -17 + (11 + 1 + -4 - 25)?
-34
What is -8 + (6 - 1) - -21 - 8?
10
Evaluate (6 + -19 - -21) + -10.
-2
What is the value of -1425 - -1413 - (-1 - (-2 - -4))?
-9
What is -8 + 12 + 7 + -17 + -12?
-18
What is the value of (5 - (12 - 1)) + -11 + (-2 - -7)?
-12
What is 47 - 40 - (36 + -3)?
-26
34 - 2 - (144 - 97)
-15
What is 28 - (-16 + 3 + 8) - (3 + -2)?
32
What is (-3 - (-12 - -3)) + (-1 - 0)?
5
What is -4 + -5 + (10 - -1 - (16 - -1))?
-15
Evaluate 25 - 6 - 51 - -14 - -7.
-11
Calculate 1 - -13 - ((-4 - -3) + -46 + 43).
18
Calculate (1 - 1) + ((20 - 8) + 0 - 22).
-10
Evaluate (-3 - (0 + -2)) + 52 + -61 - 0.
-10
Calculate (2 - (3 + -40)) + (41 - 6 - 42).
32
Evaluate -26 - (-52 + 26 - -24).
-24
Calculate 0 + 49 + (-73 - -46).
22
Evaluate 1 + 35 + (3 - -25 - (217 + -178)).
25
Evaluate (-21 + 45 - 41) + 13.
-4
What is the value of -145 + 161 - (7 - 1) - 9?
1
What is the value of (0 - 0) + -2 + 24 + -24 + -7?
-9
Calculate -68 + 98 + 12 + -15.
27
-4 - (13 + -18 + 12 + -1 + -3)
-7
Evaluate (1 - 0) + (53 + -9 - 54).
-9
What is the value of (-3 - 10) + -1 + -3 + 2 + 1?
-14
5 + -1 - (180 - 157)
-19
Evaluate (-4 + 0 - 0 - 1) + 8.
3
What is the value of (-61 - -50) + -5 + 41 + 0?
25
-8 - (7 - 39 - -1)
23
What is 101 + -146 - (-28 - 3)?
-14
Calculate 12 + 1 + -6 + -7 + 5.
5
What is 10 + 11 + (5 - 0) + -16?
10
(12 + -5 - (-5 - (-32 + 4))) + 0
-16
11 - (7 - (12 - 15))
1
Calculate -4 + 5 + -3 + 1 - (6 + 7).
-14
What is the value of -35 - ((11 - 4) + -21 - -9)?
-30
Evaluate 2 + -4 - (24 - -16 - 25).
-17
What is the value of (0 - (6 - 11)) + -3 + -5 + -10?
-13
What is the value of 29 - (64 + -16 + -25)?
6
Evaluate -14 + 7 + -11 + (12 - 1).
-7
What is the value of (189 - 175) + 1 + 2 + 1 + -7?
11
Calculate -1 + 14 + (-85 - -99).
27
Evaluate (15 - (0 + 15)) + -11 - -21.
10
What is the value of (-5 - -1) + 2 + -11 + -3 + 26?
10
Calculate -5 + (1 - -1) - 7.
-10
Evaluate 2 - (-14 + (10 - -2)).
4
1 + 2 + 17 + -1 + -112 + 96
3
What is -4 - (-12 + 14 + -6 + -5 - 0)?
5
What is the value of 2 + 0 + (-13 - 1 - -14) - 11?
-9
Calculate 2 - 13 - (-8 + (-6 - -22)).
-19
-22 + (11 - 4) - -11
-4
What is -3 - -5 - (14 - (29 - 11))?
6
What is the value of -14 + (19 - 16) + 5?
-6
13 + -10 - -1 - 30
-26
What is the value of (-23 - -15) + -4 + -9 + 22?
1
Calculate (